uppose -38*u = -31*u - 42. Suppose l - 4 = -l, k + 5*l = 58. What is the greatest common divisor of k and u?
6
Suppose -2*t = -t. Let j be (1 + t)/((-1)/(-25)). Let s = -312 + 322. Calculate the greatest common factor of j and s.
5
Suppose -376*z + 385*z - 27 = 0. What is the highest common divisor of 84 and z?
3
Let z be 1/2 + 6/12. Suppose -32 = -3*g + z. Let f = 13 - g. Calculate the greatest common factor of 22 and f.
2
Let d be 3/12 + (-2)/8. Suppose -4*h - 4*r + 14 - 2 = d, 5*h = -r + 7. What is the greatest common factor of 7 and h?
1
Let a(y) = -y**3 + 5*y**2 - 8*y + 459. Let w be a(0). Calculate the greatest common factor of 136 and w.
17
Let l be (-10)/25 + (-277)/(-5). Let w = l + -41. What is the highest common factor of w and 42?
14
Let z(x) = -x**2 - x - 2 - 2 + 14. Let s be z(0). What is the highest common divisor of s and 40?
10
Suppose g = -15 + 4. Let c = -8 - g. Suppose -c*n - 30 = -4*n. Calculate the highest common factor of 10 and n.
10
Let r(l) = -2*l**3 - 2*l**2 + l + 2. Let m be r(-1). Let p be 2 + -2 - (-5 + (0 - m)). What is the highest common factor of 15 and p?
3
Let i = 86 - -502. Calculate the highest common factor of i and 168.
84
Let w = -187 - -94. Let o = 67 - w. Let z be -1 - (-2*1 - 31). What is the greatest common divisor of z and o?
32
Let j = -17 - -33. Let f(v) = -v**3 - 3*v**2 - 2*v - 3. Let q be f(-2). Let l be 1 - 2*(-2 - q) - -33. What is the greatest common divisor of l and j?
16
Suppose -3*b + 2*c = 20, -2*b - 3*c = -4*c + 12. Let n = 6 + b. Let h(w) = 2*w + 2. Let f be h(2). What is the highest common divisor of f and n?
2
Suppose 0 = 3*q + 5*j - 206, -14*j + 17*j - 282 = -4*q. What is the greatest common factor of 243 and q?
9
Let i be 86*3/6*1. Suppose -i - 33 = -4*w. Let d = -8 + w. Calculate the highest common divisor of 99 and d.
11
Let u = 2743 - 2734. Let q(a) = 2*a - 1. Let j be q(1). What is the highest common divisor of j and u?
1
Let f(h) = 62*h**3 - 5*h + 2. Let m be f(2). Suppose c - m = -7*c. Calculate the greatest common divisor of c and 183.
61
Let x = -78 + 79. Let c(n) = -3*n - 2. Let t be c(-3). What is the greatest common divisor of t and x?
1
Suppose 5*h - 25 = -0*h. Let v(z) = -z**3 + 0 - 1 + 2 + 5*z**2 + h*z + 1. Let w be v(-4). Calculate the highest common factor of 14 and w.
14
Let t(g) = 8*g + 35. Let j be t(14). Calculate the greatest common factor of j and 105.
21
Let m be 963/(10/(-160)*-12). What is the highest common factor of 36 and m?
12
Let n(y) = -6*y. Let p be n(-3). Let k be 0 - (-4 - -28)/3. Let d = 1 - k. Calculate the greatest common divisor of p and d.
9
Let b(l) = 6*l - 2. Let n be b(6). Let h be (-3 - (-285 - -3)) + (3 - 10). What is the greatest common divisor of n and h?
34
Let g be (-82)/(-10) - 14/70. Let m be g/(-12)*(-18 + -3). What is the greatest common factor of m and 98?
14
Suppose -4*v = -3*t - 153, v + 0*t = t + 37. Calculate the highest common divisor of 21 and v.
21
Suppose 1400 = 14*r + 11*r. Calculate the greatest common factor of 8 and r.
8
Let v be (9/(-15))/(7/(-35)). Let k be v/(-4) + 1420/16. Calculate the highest common divisor of 8 and k.
8
Let u = -244 + 262. Let r = 3 + -6. Let i be (6/r)/(4/(-18)). Calculate the highest common divisor of i and u.
9
Let n be ((-7)/(-5))/((-8)/(-120)). Let x be (0 + 1)/(n/3927). What is the highest common factor of 17 and x?
17
Let n(z) = 60*z**2 - 4*z + 2. Let c be n(2). Let y = c + -29. Calculate the greatest common divisor of y and 41.
41
Let h(j) = -9*j - 51. Let q be h(-15). What is the highest common divisor of q and 24?
12
Suppose 193*a - 189*a + 4834 = s, -2*s + 4*a + 9684 = 0. What is the greatest common factor of 50 and s?
50
Let y(u) = u**2 + 2*u - 4. Let d be y(2). Suppose d*f - 231 = -3*p, -2*p - 3*f = -0*p - 154. Calculate the highest common divisor of p and 11.
11
Suppose 5*i + 94 = 519. Suppose f - i - 31 = -4*v, -4*v = 4*f - 452. What is the highest common factor of f and 14?
14
Suppose 1006 = r + 5*d, 0 = 2*d - 4. What is the greatest common factor of 83 and r?
83
Let f(w) = 9*w - 1. Let o be f(-2). Let y = o - -22. Let g = y - -8. Calculate the greatest common factor of 11 and g.
11
Suppose -62 = t - 0*t. Let k = t + 315. Calculate the greatest common factor of 23 and k.
23
Let k be (1 - -13)/(-8 - -2 - -7). Calculate the greatest common factor of 48 and k.
2
Suppose 4 = 4*s, 0*j + 3*s - 783 = -5*j. What is the greatest common divisor of 52 and j?
52
Suppose 5*h - 3*d - 1299 = 0, 3*h - 5*d = -2*h + 1305. Suppose -4*z - s + h = 0, -4*s + 20 - 12 = 0. What is the highest common factor of z and 160?
32
Let j = -57 - -55. Let m be 4 - (1 + j)*2. What is the greatest common divisor of 12 and m?
6
Let t = 2 + 9. Let s be (-1 + 0)/((-1)/t). Calculate the highest common divisor of s and 44.
11
Suppose 10*g + 415 = 2375. Let y = g + -104. Calculate the greatest common factor of y and 23.
23
Suppose 5*n + 43 = 3*r, 3*r = 3*n + 43 + 8. Let d = 27 - r. Let z be 159/d - (-3)/6. Calculate the greatest common divisor of z and 81.
27
Suppose -51 = -12*h - 15. Let z = -58 + 34. Let g be 1/((-3)/9) - z. Calculate the greatest common divisor of g and h.
3
Let g = 3 - -5. Let f be 2/g + (-623)/28. Let x = f + 44. Calculate the highest common divisor of x and 66.
22
Let q(y) = -y**2 + 15*y - 5. Let n be q(11). What is the greatest common divisor of n and 13?
13
Suppose -7*w - 214 + 956 = 0. Let q = -84 + w. Let y = 21 + -10. Calculate the greatest common factor of q and y.
11
Suppose -6*k + k + 120 = 0. Suppose -20 = -2*w - w + p, -w + p + 4 = 0. Calculate the greatest common factor of k and w.
8
Suppose 27 = -22*c + 291. What is the greatest common factor of 252 and c?
12
Let u(h) = 3*h - 2. Let c be u(2). Suppose 0 = -2*m - 4*z - 6, 3 = -m - 0*z + z. Let r be m/(-6) - (-30)/c. Calculate the highest common divisor of r and 16.
8
Let w be 54 + (9 - -2) - -7. Calculate the highest common divisor of 99 and w.
9
Suppose -4*j + 48 + 92 = 0. Let d be (-4 + 5 - 3) + 21. Let t = d - 12. What is the greatest common factor of t and j?
7
Let f(b) = -b**3 + b**2 + 4*b - 2. Let o be f(-3). Suppose -2*t = 5*q - o, 3*t + 6*q = q + 38. What is the highest common divisor of t and 2?
2
Suppose 2*j + 101 = 3*n, 0*n = -3*n + 4*j + 97. Suppose 0 = 26*l + 29*l - 17*l - 190. What is the greatest common factor of n and l?
5
Let v be 10*6*-13*12/(-468). What is the highest common factor of v and 100?
20
Suppose -2*q + 6 = 4*f - 154, -5*q + 5*f + 415 = 0. Calculate the greatest common factor of 4 and q.
2
Let o = 1279 - 1240. Calculate the greatest common factor of o and 403.
13
Suppose -5*f - 10 = 5*x, -4*x - x = f - 6. Let m be x - (-3)/6*478. Let s = -91 + m. Calculate the highest common factor of s and 30.
30
Suppose -2*t + 2*p + 3*p = 83, 2*p = 2*t + 68. Let i = 52 + t. Calculate the highest common divisor of i and 69.
23
Let a = 305 - 220. What is the greatest common factor of a and 5?
5
Suppose -7*q + 101 = -123. What is the highest common factor of 1056 and q?
32
Suppose n + 2*m - 45 = 31, -5*n - 5*m + 355 = 0. Calculate the highest common factor of n and 176.
22
Suppose -3*i + 3*q + 98 = -q, q = i - 34. What is the highest common factor of i and 247?
19
Let a(t) be the second derivative of t**5 - t**4/4 + t**3/3 + t**2/2 + 2*t. Let f be a(1). What is the highest common divisor of f and 30?
10
Suppose 4 = -2*s, 3*s = 32*d - 31*d - 66. Calculate the highest common factor of 105 and d.
15
Let i = -994 - -1142. Calculate the highest common factor of i and 37.
37
Suppose 0 = -u - 4*u + 350. Suppose 7*v = 15 - 1. Suppose -4*h + 20 = -v*h. Calculate the highest common factor of u and h.
10
Let r = -51 + 56. Suppose -r*j + 168 = 2*j. Let b = 238 + -70. What is the greatest common factor of b and j?
24
Let y(x) = -x**3 - 2*x**2 - 2*x - 3. Let c be y(-3). Let j = -6512 + 6560. What is the highest common divisor of j and c?
12
Let u be ((-11)/4)/(3/(-12)). Let h = u + -11. Suppose h = 3*a + 6 - 105. Calculate the greatest common factor of 132 and a.
33
Suppose 5*x + 357 = 3*s, 0 = -19*x + 20*x - 3. Calculate the highest common divisor of 620 and s.
124
Suppose 112 = 3*k - 26. Suppose -96 = 43*f - k*f. What is the greatest common divisor of f and 48?
16
Suppose -3*f = -2*o - 715, -5*f + 274 = 4*o - 947. Suppose 5*k - 4*c -